 the greatest common factor of 2960 and 5176115.
185
Calculate the greatest common factor of 7476402 and 474.
474
What is the greatest common divisor of 1443064 and 149212?
2044
Calculate the highest common factor of 85748296 and 664.
664
What is the greatest common factor of 13464 and 657702?
18
Calculate the highest common factor of 140 and 1438780840.
140
Calculate the greatest common factor of 1211286 and 54.
6
What is the greatest common factor of 8548 and 218600141?
2137
Calculate the greatest common divisor of 14411053 and 11586.
1931
What is the greatest common divisor of 7587 and 226885020?
843
Calculate the greatest common factor of 430 and 1563970.
10
What is the highest common divisor of 168010 and 2332?
106
Calculate the highest common factor of 11 and 168236717.
11
Calculate the highest common factor of 810726058 and 2962.
2962
Calculate the highest common factor of 2858426 and 14846.
1142
Calculate the greatest common divisor of 2818524 and 192.
12
Calculate the greatest common divisor of 3612 and 28457443.
301
Calculate the highest common divisor of 56677 and 6768427.
2983
What is the greatest common factor of 4100 and 900770?
410
What is the greatest common factor of 642 and 12915863?
107
Calculate the highest common divisor of 17766 and 2420829.
423
What is the highest common divisor of 100405636 and 412?
412
What is the greatest common factor of 4 and 4873532?
4
Calculate the greatest common factor of 21853192 and 6.
2
Calculate the highest common factor of 770 and 1187795.
35
What is the greatest common factor of 471 and 1214041593?
471
Calculate the greatest common factor of 15503 and 307655.
37
Calculate the greatest common divisor of 342945 and 7.
1
Calculate the highest common divisor of 3025 and 171475.
25
What is the greatest common factor of 8749937 and 532?
133
Calculate the highest common divisor of 126426 and 46094.
38
Calculate the greatest common factor of 148302 and 38513794.
2354
Calculate the highest common factor of 33933445 and 3315.
1105
What is the highest common divisor of 1051039353 and 1443?
1443
Calculate the highest common divisor of 6492 and 5982053400.
6492
What is the greatest common divisor of 589 and 220722449?
589
Calculate the highest common divisor of 621072 and 100890.
342
Calculate the highest common factor of 885 and 90122205.
885
Calculate the greatest common divisor of 53079 and 220623.
39
What is the greatest common factor of 2170186 and 7378?
1054
Calculate the highest common divisor of 519858 and 162.
162
Calculate the highest common factor of 45892090 and 8990.
310
What is the highest common factor of 141 and 134575053?
141
Calculate the highest common divisor of 3115 and 5297810.
35
What is the greatest common factor of 289809 and 599625?
117
Calculate the highest common divisor of 33774536 and 5446.
778
What is the greatest common factor of 492 and 4191972?
12
What is the highest common divisor of 2089633 and 23114?
91
Calculate the greatest common factor of 7168 and 420.
28
What is the highest common divisor of 5497685 and 49915?
335
Calculate the greatest common divisor of 21 and 68667109.
7
Calculate the highest common divisor of 27383 and 6566360.
139
Calculate the greatest common factor of 852370400 and 665.
665
What is the greatest common factor of 169 and 38312287?
13
What is the greatest common divisor of 276428 and 1276?
116
What is the highest common factor of 2421 and 19040627?
269
What is the greatest common divisor of 1783326 and 20445?
87
What is the greatest common factor of 295048 and 4928?
8
What is the greatest common divisor of 1980 and 29564260?
220
Calculate the highest common divisor of 62 and 296329.
31
What is the highest common factor of 4393217 and 1?
1
Calculate the greatest common factor of 14982 and 1480267.
227
Calculate the highest common divisor of 12948 and 14898.
78
Calculate the greatest common factor of 225089497 and 199.
199
Calculate the highest common factor of 316798 and 3618262.
302
What is the greatest common factor of 4256063 and 16583?
721
What is the highest common divisor of 12909 and 121992?
39
Calculate the greatest common divisor of 2189 and 24975893.
199
What is the highest common factor of 3451 and 8146187?
203
Calculate the greatest common divisor of 1862980 and 8.
4
What is the highest common factor of 4625669 and 4786?
2393
What is the greatest common factor of 3191056 and 440?
88
Calculate the highest common divisor of 96396 and 124650.
1662
What is the greatest common divisor of 142709 and 81067?
259
What is the greatest common factor of 56129 and 987977?
41
Calculate the greatest common divisor of 42156434 and 2854.
2854
What is the greatest common divisor of 393448 and 3295688?
1496
Calculate the highest common divisor of 171132 and 3252.
12
What is the greatest common factor of 164248405 and 115?
115
Calculate the greatest common divisor of 5984 and 813076.
748
What is the highest common factor of 862 and 20697913?
431
What is the greatest common factor of 404370 and 530?
10
Calculate the highest common factor of 832 and 13364.
52
What is the highest common factor of 3749860 and 1700?
340
Calculate the highest common factor of 137177011 and 7351.
7351
What is the greatest common divisor of 34080464 and 98604?
3652
Calculate the highest common divisor of 161712 and 512.
16
Calculate the highest common factor of 782272656 and 72.
72
What is the highest common divisor of 106350 and 140550?
150
Calculate the highest common factor of 4560322 and 645.
43
What is the greatest common factor of 52 and 151578908?
52
What is the greatest common factor of 2604561 and 1236?
309
Calculate the highest common divisor of 732 and 19865199.
183
What is the highest common divisor of 167371550 and 2300?
50
What is the greatest common factor of 363938 and 27734?
566
What is the greatest common factor of 423202 and 11116?
794
Calculate the greatest common factor of 1302549 and 39647.
967
Calculate the greatest common factor of 9674497 and 63742.
1099
Calculate the highest common factor of 8678160 and 2304.
144
Calculate the greatest common divisor of 440 and 22150040.
440
Calculate the highest common factor of 911812 and 62084.
748
What is the highest common divisor of 101413600 and 900?
100
What is the greatest common divisor of 638 and 17986562?
22
What is the greatest common factor of 39804 and 366792?
372
What is the highest common divisor of 124 and 166904?
124
Calculate the greatest common divisor of 7260 and 10421004.
1452
What is the highest common factor of 23368964 and 376?
188
Calculate the greatest common factor of 559998 and 481927.
587
What is the highest common divisor of 3472725 and 190?
95
Calculate the highest common factor of 266827404 and 1494.
498
What is the highest common divisor of 10797 and 120536?
61
What is the highest common factor of 316190 and 1841?
7
Calculate the greatest common factor of 1911115 and 16340.
95
What is the highest common divisor of 54 and 62091090?
54
What is the greatest common divisor of 5619067 and 11851?
1693
Calculate the highest common divisor of 196 and 175646576.
196
What is the highest common divisor of 96 and 128120624?
16
What is the highest common divisor of 369 and 40436742?
123
Calculate the greatest common divisor of 430 and 116598800.
430
What is the greatest common divisor of 58603148 and 21488?
5372
What is the highest common factor of 1093257 and 14121?
27
Calculate the highest common divisor of 432943 and 714756.
889
What is the highest common factor of 1463003 and 656?
41
Calculate the highest common divisor of 4779302 and 8162.
22
What is the greatest common factor of 2511762 and 513?
57
Calculate the greatest common divisor of 7988869 and 77.
7
What is the greatest common factor of 2103392 and 4656?
16
What is the greatest common factor of 6300 and 4074525?
1575
Calculate the greatest common divisor of 289428 and 316257.
813
What is the highest common factor of 8169050 and 2850?
950
Calculate the greatest common divisor of 157809008 and 112.
112
What is the greatest common divisor of 2236298412 and 2676?
2676
What is the highest common divisor of 191177017 and 17768?
2221
What is the greatest common divisor of 421416 and 152172?
108
Calculate the highest common divisor of